undreds digit of q?
1
Let m(r) = -15*r**2 + 3*r + 2. Let f be m(-1). Let s be f/20 + 755/(-25). Let z = s - -75. What is the tens digit of z?
4
Let q(w) = -84*w - 20. Let h be q(-30). Suppose 38*p - 34*p - h = -g, 5*g = 0. What is the tens digit of p?
2
Let u be (-90)/(-25) + 22/55. Suppose -74*m + v + 136 = -73*m, u*v = -2*m + 266. What is the hundreds digit of m?
1
Let a(o) = 2*o**3 + 248*o**2 + 325*o - 476. What is the thousands digit of a(-122)?
9
Suppose -4*h = -q - 13878, -3*h = 4*q - 9732 - 705. What is the tens digit of h?
7
Let o(h) = -h**2 - 19*h - 72. Let i be o(-12). Suppose i*z - 2296 = 4*z. What is the units digit of z?
7
Suppose 2*t = -3*o + 19, 6*t - 23 = -o + 2*t. What is the tens digit of (6/(-4))/(o/(-26) - 0)?
1
Suppose -5*f = i - 46328, -4*i + 2*f + 110318 = -74950. What is the thousands digit of i?
6
What is the thousands digit of ((-876)/24)/(5/(-370)) + -4?
2
Let k = 53 - 41. What is the hundreds digit of 72*1*76/k?
4
Suppose 5*w = 156 + 9. Suppose 0 = -y + w - 14. Suppose -45 = -24*b + y*b. What is the units digit of b?
9
Let v be (1 + (-66)/30)/(2/(-2435)). Let l = v - 132. What is the thousands digit of l?
1
Suppose 5*c + 53936 = 4*u, 3*u + 2*c - 11732 = 28766. What is the hundreds digit of u?
4
Suppose -g + 4*i + 275 = 0, 5*i + 687 = 5*g - 658. Let a = g + -87. What is the tens digit of a?
8
Let b(r) = 185*r**2 - 147*r - 682. What is the thousands digit of b(-5)?
4
Let p = 11840 + -3258. What is the hundreds digit of p?
5
Let m = 92 - 86. Suppose 0 = -5*i - 5*h, m*h = 7*h + 5. What is the hundreds digit of ((-44)/(-12) + i)*90/4?
1
Suppose g - 71 + 22 = 0. Let y = g - 46. Suppose 288 = y*u + u. What is the tens digit of u?
7
Let j be 60*(-100)/15*1. Let m = 635 + j. What is the hundreds digit of m?
2
Suppose -3 - 15 = -5*m + 3*x, 4*x + 4 = 0. Suppose -7*q + 2*q = m*i - 925, i = -q + 187. What is the units digit of q?
2
Let j = -4859 - -30947. What is the hundreds digit of j?
0
Suppose y - 4 = -1. Suppose 4*x + y*a = 2291, -67 + 644 = x + 5*a. What is the hundreds digit of x?
5
Suppose 2*b - 3*d + 4 = 6*b, 0 = d. Let a be (b/4)/((-1)/(-8)). Suppose -2*v + 0*v - a*z + 134 = 0, 5*v - 326 = 4*z. What is the units digit of v?
6
Suppose 0 = -2*s + 5*g + 37128, 11*s + 5*g - 37148 = 9*s. Suppose 21*d + 10*d = s. What is the tens digit of d?
9
Let j = -640 - -2629. Suppose 4*z = 4*w - j - 223, -3*w - z = -1667. What is the hundreds digit of w?
5
Let z(t) = -1. Let k(h) = -h**2 + h + 40. Let b(u) = -k(u) + z(u). Let i be b(7). What is the tens digit of 4*i/6*(-285)/(-10)?
1
Let j(n) = -20*n - 33. Let z be j(-7). Let g = -134 + z. What is the tens digit of (-2)/(-2)*49 - g/9?
5
Let r(y) = 16*y**2 + 179*y - 3304. What is the thousands digit of r(18)?
5
Let f = -760 + 1265. Suppose -w = 179 - f. What is the hundreds digit of w?
3
Let m(u) = -u**2 + 8*u - 21. Let v be m(7). Let y(r) = -r**3 - 13*r**2 + 12*r - 20. Let c be y(v). Suppose 0 = 7*p - c*p + 86. What is the tens digit of p?
8
Suppose 4*a + 212 = -2*k, -5*a + k - 3*k - 264 = 0. What is the hundreds digit of (-10 + (-9763)/a)/(2/8)?
7
Suppose -4*j + 43280 = 4*s, s + 5546 + 48602 = 5*j. What is the hundreds digit of j?
8
Let a(k) = -k**3 + 2*k**2 + 22*k - 3. Let c be a(-10). Suppose -w + c = 4*v - 563, 5*w + 20 = 0. What is the hundreds digit of v?
3
Suppose 11*d = 2*d + 3326 + 130927. What is the units digit of d?
7
Suppose 9*r = -3607 - 10370. Let a = r + 2239. What is the tens digit of a?
8
Let p(j) = -j - 1. Let h be (-1)/((-7)/2 - -3). Let s(i) = -i**2 - 17*i - 30. Let r(y) = h*p(y) - s(y). What is the tens digit of r(-15)?
2
Suppose -6*j + 79 = 19. Suppose 15*n - 13*n = j. Suppose -2*a - 96 = -n*a. What is the units digit of a?
2
Let o = -6770 - -8582. What is the hundreds digit of o?
8
Suppose 0 = -3*t + l + 96572, 5*l = -73*t + 87*t - 450671. What is the hundreds digit of t?
1
Suppose -10*h = -29 - 51. Suppose -2*p - h*p - 4*p = 0. Suppose -n - 1076 = -4*b, 2*n - 1358 = -5*b - p*n. What is the tens digit of b?
7
Let y = 1974 - -3995. What is the tens digit of y?
6
Let y(a) = -25*a - 145. Suppose -4*n - 64 = 5*q, -n + 3 = 4. What is the units digit of y(q)?
5
Suppose 17*q - 6*q = 33. Suppose q*k = 25 - 10. What is the tens digit of ((-214)/(-5) - -2)*k?
2
Suppose 5*v + 16 = 3*m, -v - 10 + 0 = -4*m. What is the tens digit of (-3 + -42)/(v/14)?
1
Let q(u) = -7*u - 42. Let n be q(-6). Suppose n = 2*v - 3*g - 796, 786 = 2*v - 0*v + 2*g. What is the tens digit of v*(5/5)/5?
7
Let d(r) = -r**2 - 9*r - 10. Let k be d(-6). Let w = -3 + 3. Suppose w = -k*u + 2*u + 258. What is the units digit of u?
3
Let i(d) = -d - 5. Let u(t) = -2*t**3 - 22*t**2 - 2*t - 14. Let m be u(-11). Suppose -m = -2*j - 20. What is the units digit of i(j)?
1
Let n(o) = -o**2 - 10*o + 5. Let k be n(-10). Suppose -4*f = k*t - 156, -5*t - 4*f = -4*t - 28. Let r = t - -53. What is the tens digit of r?
8
Suppose -2*d - 1538 = -w, -5*d = -664 + 674. What is the tens digit of w?
3
Suppose -3*o = 9, o + 3*o = 4*q. Let a be ((-10)/8)/(1/12*q). What is the tens digit of 4 - (22*-25)/a?
1
Let d = -437 + 302. Let w = -130 - d. Suppose w*k - 12 = -0*m - 3*m, -m = 1. What is the units digit of k?
3
Let g(n) = 2*n**2 - 8*n - 31. Suppose -15*b + 122 + 73 = 0. What is the units digit of g(b)?
3
Suppose -108*a - 393731 = -1567799. What is the ten thousands digit of a?
1
What is the thousands digit of -205*(9 + (-1178)/5 + 5)?
5
Let p(c) = -8312*c**3 - c**2 + 5*c + 4. What is the thousands digit of p(-1)?
8
Suppose -20 = 4*l, 4*f + 7*l - 5367 = 2*l. What is the hundreds digit of f?
3
Let n(l) = l**2 + 4*l + 6. Let i be n(-3). Suppose 5*f + 21 = -s, -3*s + 14 = -i*f + 5. What is the tens digit of f/(-3 + (-272)/(-92))?
9
Let q(n) be the first derivative of n**4/4 + 7*n**3/3 - 9*n**2 - 12*n + 11. Let t be q(-10). What is the tens digit of 2/(t/(-7578)) + 2/11?
1
Suppose 0 = -2*f + f - 35. Let s(g) = g**2 + 18*g - 96. Let w be s(-12). Let o = f - w. What is the hundreds digit of o?
1
Let q = 147 + -101. Let b = q - 34. Suppose j = 1 + b. What is the tens digit of j?
1
Let k(p) = -19 + 4*p - 7*p + 17 + 3*p**3 + 5*p**2. What is the hundreds digit of k(4)?
2
Let q(s) = -s**3 + 27*s**2 - 4*s + 108. Let l be q(27). Let v = l + 632. What is the hundreds digit of v?
6
Suppose 0 = 4*t - 2*f - 519 - 7965, 2*t = 2*f + 4246. Let s = t + -1099. What is the hundreds digit of s?
0
Let t = 16 - 8. Let i(p) = 3*p**3 - 9*p**2 - 3*p. Let c be i(t). Suppose 6*o + 342 - c = 0. What is the tens digit of o?
9
Let j(h) = -h**3 - 33*h**2 - 40*h - 520. What is the units digit of j(-36)?
8
Let v(f) = -26*f + 29. Let c be v(1). Suppose c*b - 280 + 88 = 0. What is the units digit of b?
4
Let s = -33214 + 56495. What is the ten thousands digit of s?
2
Let o(v) = -3*v - 2. Let q be o(-4). Let l be (q/(-4) + (6 - 4))*206. Let m = -70 - l. What is the tens digit of m?
3
Suppose 3748 + 33396 = 20*r - 150536. What is the units digit of r?
4
Let s = -31917 - -62215. What is the hundreds digit of s?
2
Suppose 154*l - 144*l = 1010. Let t = -54 + -7. Let h = t + l. What is the units digit of h?
0
Let d = 415 - 412. Suppose d*y + 60*j - 61*j = 2440, -y - 4*j = -796. What is the units digit of y?
2
Let v(u) = 15 + 17 - 3*u - 40. Let g be v(-6). What is the units digit of g/(-5) - -26 - 0?
4
Let z(t) = 16*t**2 + 7801. What is the tens digit of z(0)?
0
Let d(x) = 10*x + 41. Let t be d(-4). Suppose -445 = -c - 5*k, c - 448 + t = -4*k. What is the units digit of c?
5
Let h be (616/42)/(2/(-3)). What is the units digit of (-106)/h + 4/22 + 1354?
9
Let h(c) = c**3 + 4*c**2 + 3*c + 2. Suppose 0 = 4*q - 8 + 20. Let l be h(q). Suppose -4*j + 330 = w, 3*w = l*j - 5*j + 252. What is the tens digit of j?
8
Let r(i) = -2*i**2 + 31*i - 6. Let y be r(15). Suppose -y*p + 1031 + 400 = 0. What is the hundreds digit of p?
1
Let v(p) = 737*p - 9046. What is the thousands digit of v(26)?
0
Let b(u) = -u**3 + 18*u**2 - 58. Let d be b(18). Let t = 125 - d. What is the units digit of t?
3
Let f(v) = -7*v - 43. Let u be f(-7). Suppose -u = -2*q - 28. Let t = 152 + q. What is the hundreds digit of t?
1
Suppose 27728 = 33*y - 186706. What is the units digit of y?
8
What is the tens digit of (-20)/(((-117)/(-9))/(-273))?
2
What is the hundreds digit of -22*12/(-66)*(-61638)/(-8)?
8
